by 168.
12
Calculate the remainder when 22861840 is divided by 1814.
1812
Calculate the remainder when 105770 is divided by 5032.
98
Calculate the remainder when 519649 is divided by 5905.
9
What is the remainder when 46231694 is divided by 186418?
30
Calculate the remainder when 3101294 is divided by 41350.
44
Calculate the remainder when 41930 is divided by 451.
438
Calculate the remainder when 759599 is divided by 1182.
755
Calculate the remainder when 432503 is divided by 216241.
21
What is the remainder when 39247999 is divided by 1375?
1374
Calculate the remainder when 20128 is divided by 498.
208
What is the remainder when 10343 is divided by 8430?
1913
What is the remainder when 1690216 is divided by 844902?
412
What is the remainder when 1006653060 is divided by 449?
448
What is the remainder when 6902866 is divided by 377?
373
What is the remainder when 64861 is divided by 360?
61
What is the remainder when 346857 is divided by 513?
69
Calculate the remainder when 123200 is divided by 4655.
2170
Calculate the remainder when 64571 is divided by 898.
813
What is the remainder when 8785578 is divided by 1464263?
0
What is the remainder when 339641 is divided by 33922?
421
What is the remainder when 101869944 is divided by 2000?
1944
Calculate the remainder when 12090 is divided by 3658.
1116
Calculate the remainder when 4945978 is divided by 91592.
10
What is the remainder when 609866 is divided by 79?
65
What is the remainder when 359707 is divided by 359365?
342
What is the remainder when 2987170 is divided by 275?
120
What is the remainder when 41272 is divided by 1973?
1812
What is the remainder when 19901437 is divided by 115?
112
Calculate the remainder when 25298 is divided by 11643.
2012
Calculate the remainder when 29954725 is divided by 33.
31
Calculate the remainder when 383261852 is divided by 131.
130
What is the remainder when 8076325 is divided by 45?
40
What is the remainder when 110508 is divided by 331?
285
What is the remainder when 17703629 is divided by 342?
341
What is the remainder when 21154463 is divided by 4230888?
23
What is the remainder when 88170 is divided by 5531?
5205
Calculate the remainder when 1205192 is divided by 241035.
17
Calculate the remainder when 883814726 is divided by 30.
26
Calculate the remainder when 4998143 is divided by 3.
2
What is the remainder when 8530966 is divided by 23?
13
Calculate the remainder when 226313 is divided by 37708.
65
Calculate the remainder when 37927 is divided by 2372.
2347
Calculate the remainder when 39441 is divided by 6543.
183
Calculate the remainder when 182612 is divided by 26027.
423
Calculate the remainder when 428235 is divided by 5587.
3623
What is the remainder when 233643 is divided by 23357?
73
What is the remainder when 37033257 is divided by 1210?
1207
What is the remainder when 987607 is divided by 1166?
5
What is the remainder when 351801 is divided by 15?
6
Calculate the remainder when 1839740 is divided by 161.
154
What is the remainder when 497670 is divided by 861?
12
Calculate the remainder when 3331264 is divided by 4807.
13
Calculate the remainder when 75631279 is divided by 5402234.
3
Calculate the remainder when 112557 is divided by 2232.
957
Calculate the remainder when 6695724 is divided by 1673929.
8
Calculate the remainder when 13804002 is divided by 12641.
30
What is the remainder when 2347225 is divided by 1803?
1522
What is the remainder when 2560636 is divided by 4430?
96
What is the remainder when 49407 is divided by 166?
105
What is the remainder when 278543 is divided by 46036?
2327
What is the remainder when 724092 is divided by 512?
124
Calculate the remainder when 19532965 is divided by 13.
10
What is the remainder when 628277 is divided by 209412?
41
What is the remainder when 217757517 is divided by 982?
981
Calculate the remainder when 115319 is divided by 23.
20
Calculate the remainder when 524827 is divided by 1131.
43
Calculate the remainder when 12206 is divided by 261.
200
What is the remainder when 735807 is divided by 488?
391
What is the remainder when 1145582 is divided by 31821?
26
What is the remainder when 4533110 is divided by 266649?
77
What is the remainder when 1352982 is divided by 43?
30
What is the remainder when 690750 is divided by 164?
146
What is the remainder when 434074 is divided by 22694?
2888
What is the remainder when 23556 is divided by 1049?
478
Calculate the remainder when 4267243 is divided by 441.
127
What is the remainder when 843195 is divided by 620?
615
What is the remainder when 148842692 is divided by 219?
218
What is the remainder when 2360251 is divided by 30259?
49
What is the remainder when 4491747 is divided by 76?
71
What is the remainder when 40014 is divided by 3298?
438
What is the remainder when 316016 is divided by 1268?
284
What is the remainder when 61784 is divided by 1628?
1548
What is the remainder when 8705 is divided by 4205?
295
What is the remainder when 60310 is divided by 61?
42
Calculate the remainder when 528405 is divided by 87883.
1107
Calculate the remainder when 1975726 is divided by 395133.
61
Calculate the remainder when 77578 is divided by 12867.
376
What is the remainder when 56020 is divided by 6412?
4724
What is the remainder when 9754321 is divided by 1?
0
What is the remainder when 5354097 is divided by 938?
931
What is the remainder when 48588 is divided by 23237?
2114
What is the remainder when 2618779 is divided by 460?
459
Calculate the remainder when 2838825 is divided by 2767.
2650
What is the remainder when 302157 is divided by 100049?
2010
Calculate the remainder when 1415805 is divided by 28316.
5
Calculate the remainder when 1446471 is divided by 482109.
144
Calculate the remainder when 23911109 is divided by 724579.
2
What is the remainder when 1262830 is divided by 140314?
4
Calculate the remainder when 18945233 is divided by 14.
13
What is the remainder when 2593930 is divided by 1748?
1646
What is the remainder when 3968336 is divided by 1984163?
10
What is the remainder when 3429467 is divided by 3429455?
12
Calculate the remainder when 130927 is divided by 32706.
103
Calculate the remainder when 196363 is divided by 547.
537
What is the remainder when 3487156 is divided by 217946?
20
Calculate the remainder when 19955051 is divided by 3300.
3251
Calculate the remainder when 65540607 is divided by 27.
24
What is the remainder when 40161566 is divided by 326?
322
Calculate the remainder when 1694587 is divided by 210.
97
What is the remainder when 3425127 is divided by 6?
3
Calculate the remainder when 5215972 is divided by 210.
202
Calculate the remainder when 1348951 is divided by 2069.
2032
Calculate the remainder when 5377394 is divided by 168038.
178
Calculate the remainder when 10204375 is divided by 735.
370
What is the remainder when 921751 is divided by 729?
295
What is the remainder when 25605 is divided by 11686?
2233
Calculate the remainder when 630507 is divided by 364.
59
Calculate the remainder when 516079 is divided by 1618.
1555
Calculate the remainder when 48970818 is divided by 877.
15
What is the remainder when 371553 is divided by 2550?
1803
What is the remainder when 3260719 is divided by 58?
17
What is the remainder when 941029 is divided by 134389?
306
What is the remainder when 62388693 is divided by 18?
9
What is the remainder when 2925849 is divided by 585127?
214
Calculate the remainder when 44918 is divided by 44790.
128
Calculate the remainder when 78569862 is divided by 165.
162
Calculate the remainder when 2001136 is divided by 407.
324
Calculate the remainder when 1798783 is divided by 448418.
5111
Calculate the remainder when 43077 is divided by 36893.
6184
Calculate the remainder when 13283130 is divided by 22065.
0
What is the remainder when 1820787 is divided by 800?
787
What is the remainder when 112088 is divided by 110884?
1204
Calculate the remainder when 729928653 is divided by 4735.
4728
What is the remainder when 375102 is divided by 2131?
46
What is the remainder when 14184144 is divided by 196?
16
Calculate the remainder when 34929 is divided by 1131.
999
What is the remainder when 16285594 is divided by 253?
237
What is the remainder when 93945 is divided by 45?
30
What is the rem